n base 3, what is 1011201021002 - -1?
1011201021010
In base 10, what is -3 - 2432966?
-2432969
In base 4, what is 133 - -11231022133?
11231022332
In base 14, what is 3c6193 - -7?
3c619a
In base 15, what is -31ae - -5e86?
2cc7
In base 3, what is 10221022021222 - -11000?
10221022102222
In base 13, what is 22 + 880a17?
880a39
In base 2, what is 1010101010011 - -10101001010011?
11111110100110
In base 13, what is 8072c98 - 5?
8072c93
In base 4, what is -1130302 + -221223?
-2012131
In base 6, what is 3001135 + -2142?
2554553
In base 7, what is -1455140 + 14354?
-1440453
In base 3, what is -21 + 20002111111110?
20002111111012
In base 3, what is 11020002100120 - 2?
11020002100111
In base 5, what is 4 + 203210414433?
203210414442
In base 2, what is 100000101110010 - 1001001110?
11111100100100
In base 8, what is -421330 + 2757?
-416351
In base 2, what is -10010000000100101001 - 10101?
-10010000000100111110
In base 8, what is -3625 - -3647?
22
In base 9, what is -3 - -7171666?
7171663
In base 16, what is 688 - -3f4?
a7c
In base 2, what is 101000110000 - 1101111001001110010?
-1101110100001000010
In base 13, what is 4ca9513a - 2?
4ca95138
In base 6, what is -5 + 5124330342?
5124330333
In base 15, what is 70aac5 + 1?
70aac6
In base 14, what is 13323874 + -2?
13323872
In base 15, what is 3ab7 - -692d?
a4e5
In base 15, what is d2 - 4bbdd?
-4bb0b
In base 15, what is bb7b0 - 8?
bb7a7
In base 2, what is -11 - -111011101011011001100?
111011101011011001001
In base 12, what is -549 - -1bb83?
1b636
In base 10, what is -16864763 - 2?
-16864765
In base 7, what is 4552 - -410236?
415121
In base 5, what is 4 + -1033423023?
-1033423014
In base 6, what is 50542 + -3201?
43341
In base 8, what is 3 - 11440550?
-11440545
In base 7, what is -2506 - -113?
-2363
In base 4, what is 231120232101 + 12?
231120232113
In base 8, what is 1671645 - -1522?
1673367
In base 13, what is -5338 + -4b0c4?
-5342c
In base 11, what is 83 - -31038a?
310462
In base 10, what is -1 + -7173897?
-7173898
In base 9, what is 4300 + -71?
4218
In base 14, what is 74c79 + 6?
74c81
In base 14, what is -24516 + -153?
-24669
In base 8, what is 541377 + 11710?
553307
In base 16, what is -4 - -1f34d9c?
1f34d98
In base 5, what is 3 + -234311344?
-234311341
In base 5, what is 21432 + 100003?
121440
In base 6, what is -224353 - -24503?
-155450
In base 4, what is 3212121 - 110133?
3101322
In base 16, what is -5 + 927a680?
927a67b
In base 5, what is -400002 + -122431?
-1022433
In base 7, what is 65340 + -1306?
64031
In base 4, what is 11 - 2221033111?
-2221033100
In base 13, what is 1a7c + 1a?
1a99
In base 7, what is 56 + 1116160?
1116246
In base 16, what is -2 + 7ecb6d?
7ecb6b
In base 8, what is -5 - 157504202?
-157504207
In base 8, what is -4477615622 + -1?
-4477615623
In base 12, what is 0 - -188b163?
188b163
In base 7, what is 4 - -444466265?
444466302
In base 6, what is -12 - 210533054?
-210533110
In base 9, what is -138844 - 14?
-138858
In base 16, what is -528 - -7fe2?
7aba
In base 10, what is -32420 + 3794?
-28626
In base 11, what is -7a98048 - 2?
-7a9804a
In base 14, what is 5 - 6d6532?
-6d652b
In base 3, what is -1 + 1012021121?
1012021120
In base 15, what is -3d60a2 + 38?
-3d6069
In base 14, what is c1591 + 1c0?
c1771
In base 13, what is 19bc8b + 15?
19bca3
In base 6, what is -110405 - 3015?
-113424
In base 9, what is 25761364 - -3?
25761367
In base 12, what is 689 - -57b20?
585a9
In base 14, what is -155b7 - 480?
-15a57
In base 3, what is 20 - 1110212212200011?
-1110212212122221
In base 4, what is -3220232303322 + -2?
-3220232303330
In base 7, what is 3206560 + 2?
3206562
In base 2, what is -11000 + -1110011011111011011111?
-1110011011111011110111
In base 7, what is 36534066 - 3?
36534063
In base 3, what is -2 + 12122201011?
12122201002
In base 4, what is -3003 - 103131200?
-103200203
In base 13, what is -581c + 3c69?
-1883
In base 10, what is 1304 - 742?
562
In base 11, what is -77a6 + -2312?
-a008
In base 9, what is -11372 + 11825?
443
In base 10, what is -30274 - -203?
-30071
In base 4, what is -1303310120 + -3?
-1303310123
In base 7, what is -335442334 - 2?
-335442336
In base 5, what is 324 - -1300103020?
1300103344
In base 7, what is 3155 - 20335?
-14150
In base 13, what is 2 - -9092b?
90930
In base 11, what is 478 - 7a4?
-327
In base 5, what is 4 - 101030430?
-101030421
In base 9, what is 4841 - 60824?
-54873
In base 14, what is b257 - 11?
b246
In base 14, what is a7 - 1d7d2?
-1d729
In base 3, what is 220120001120001 + 11?
220120001120012
In base 15, what is -5 + 4a3320?
4a331a
In base 13, what is 87a2 - 1c47?
6858
In base 10, what is 147575 - 189?
147386
In base 2, what is -100001000110110011100000000 - 1?
-100001000110110011100000001
In base 8, what is 11737 + 4221?
16160
In base 2, what is -100000 + 101010001110110000?
101010001110010000
In base 14, what is -7a3d + -2097?
-9ad6
In base 7, what is 3 + 354404002?
354404005
In base 16, what is 5 + 5f4bf8c?
5f4bf91
In base 16, what is -22 + aa6e?
aa4c
In base 11, what is a82587 + a?
a82596
In base 16, what is -db1fb - -18?
-db1e3
In base 6, what is 55453345 + -105?
55453240
In base 15, what is 0 - 5142ad?
-5142ad
In base 12, what is 526 - -193a69?
194393
In base 12, what is 329 + -20389?
-20060
In base 3, what is 1002 + -1201001112000?
-1201001110221
In base 13, what is -236809b - 3?
-23680a1
In base 2, what is 101111110110111110010110 + 110?
101111110110111110011100
In base 13, what is -4 - -2076b2b6?
2076b2b2
In base 16, what is 2 + -5756?
-5754
In base 10, what is 20383 - 741?
19642
In base 13, what is -62 - -1ac299?
1ac237
In base 3, what is -101221202220100 + -2101?
-101221202222201
In base 12, what is -1 - -a990525?
a990524
In base 6, what is -20550405 + 3?
-20550402
In base 6, what is -25101545 - 51?
-25102040
In base 7, what is 131 + -65603?
-65442
In base 2, what is -111010000 + 1001110101110010111?
1001110100111000111
In base 8, what is 41037651 - 3?
41037646
In base 15, what is -7c5bb + -8e?
-7c65a
In base 16, what is 1a5 - -2b8d?
2d32
In base 4, what is 0 - 21300320212?
-21300320212
In base 5, what is -121133232 + 2211?
-121131021
In base 9, what is -5 + -84387136?
-84387142
In base 14, what is -1 + -768bc18?
-768bc19
In base 12, what is 3083 + b4b0?
12573
In base 3, what is -11122011010 + -21000?
-11122102010
In base 10, what is 6046177 + -16?
6046161
In base 9, what is -57076 + 1633?
-55343
In base 12, what is 6 + a067873?
a067879
In base 6, what is -420245 - -2402?
-413443
In base 7, what is 5142014 - 12?
5142002
In base 11, what is -43442 - -7?
-43436
In base 8, what is 10 - -117716374?
117716404
In base 2, what is 1 + 101111000001001000111101?
101111000001001000111110
In base 8, what is -13 - 17026?
-17041
In base 15, what is 4321 - 332?
3ede
In base 3, what is 10 - 200112100202001?
-200112100201221
In base 5, what is 3 - 1013303113143?
-1013303113140
In base 5, what is 1004041310014 - -10?
1004041310024
In base 2, what is -1001110100 + -10101110011100?
-10111000010000
In base 13, what is -5b354 - -156?
-5b1cb
In base 15, what is 0 - 3243c9?
-3243c9
In base 6, what is -10 + -4025115145?
-4025115155
In base 14, what is 0 + -10cca4a?
-10cca4a
In base 4, what is -131310001 + 121?
-131303220
In base 9, what is -345 - -856364?
856018
In base 5, what is -223 + -2432102104?
-2432102332
In base 2, what is -111100110110110011111 - 10000?
-111100110110110101111
In base 6, what is -121024515452 + -3?
-121024515455
In base 4, what is 13001031123 + -1?
13001031122
In base 10, what is -1 - -159574?
159573
In base 5, what is -121234314224 - -10?
-121234314214
In base 3, what is -12121 - -222101012222?
222101000101
In base 2, what is 101 + 10111111000110011101010?
10111111000110011101111
In base 11, what is 5a062a8 - 3a?
5a06269
In base 5, what is 231144314 + 1111?
231200430
In base 13, what is 3 - 7043532?
-704352c
In base 15, what is 21 - -81d3a1?
81d3c2
In base 9, what is -73842488 - 3?
-73842502
In base 13, what is 11 - 176c540?
-176c52c
In base 6, what is -12453554350 - -4?
-12453554342
In base 16, what is -18a + 1764f?
174c5
In base 2, what is -111001001001100100 - 101000?
-111001001010001100
In base 13, what is 0 - -29cb23?
29cb23
In base 7, what is -5 + 10154460?
10154452
In base 7, what is 2 - 120444246?
-120444244
In base 15, what is